actors of 14672.
2, 7, 131
List the prime factors of 828.
2, 3, 23
What are the prime factors of 350?
2, 5, 7
List the prime factors of 2219.
7, 317
What are the prime factors of 8430?
2, 3, 5, 281
What are the prime factors of 319?
11, 29
List the prime factors of 1732.
2, 433
What are the prime factors of 660?
2, 3, 5, 11
List the prime factors of 13098.
2, 3, 37, 59
What are the prime factors of 1634?
2, 19, 43
What are the prime factors of 181002?
2, 3, 97, 311
List the prime factors of 76502.
2, 29, 1319
What are the prime factors of 2910?
2, 3, 5, 97
What are the prime factors of 5637?
3, 1879
What are the prime factors of 7686?
2, 3, 7, 61
What are the prime factors of 40?
2, 5
List the prime factors of 1171.
1171
What are the prime factors of 6343?
6343
What are the prime factors of 12014?
2, 6007
List the prime factors of 2001.
3, 23, 29
List the prime factors of 2101.
11, 191
List the prime factors of 114497.
61, 1877
List the prime factors of 9968.
2, 7, 89
List the prime factors of 1898.
2, 13, 73
List the prime factors of 17614.
2, 8807
What are the prime factors of 1870?
2, 5, 11, 17
What are the prime factors of 2616?
2, 3, 109
List the prime factors of 68827.
11, 6257
List the prime factors of 121302.
2, 3, 23, 293
List the prime factors of 4454.
2, 17, 131
List the prime factors of 4751.
4751
List the prime factors of 1804.
2, 11, 41
What are the prime factors of 24214?
2, 12107
List the prime factors of 1065.
3, 5, 71
What are the prime factors of 67176?
2, 3, 311
List the prime factors of 4772.
2, 1193
List the prime factors of 1186.
2, 593
List the prime factors of 3977.
41, 97
List the prime factors of 1526.
2, 7, 109
List the prime factors of 117626.
2, 103, 571
What are the prime factors of 1546?
2, 773
What are the prime factors of 166718?
2, 31, 2689
List the prime factors of 1574.
2, 787
List the prime factors of 33929.
7, 37, 131
What are the prime factors of 1285?
5, 257
What are the prime factors of 46951?
29, 1619
List the prime factors of 683.
683
What are the prime factors of 47910?
2, 3, 5, 1597
List the prime factors of 433.
433
What are the prime factors of 34729?
34729
What are the prime factors of 8210?
2, 5, 821
What are the prime factors of 11421?
3, 47
List the prime factors of 1956.
2, 3, 163
What are the prime factors of 413?
7, 59
List the prime factors of 18251.
18251
What are the prime factors of 4212?
2, 3, 13
List the prime factors of 1025.
5, 41
What are the prime factors of 132924?
2, 3, 11, 19, 53
List the prime factors of 62740.
2, 5, 3137
What are the prime factors of 143133?
3, 47711
What are the prime factors of 5434?
2, 11, 13, 19
What are the prime factors of 3724?
2, 7, 19
What are the prime factors of 32461?
11, 13, 227
List the prime factors of 74650.
2, 5, 1493
What are the prime factors of 1654?
2, 827
What are the prime factors of 10424?
2, 1303
List the prime factors of 37507.
37507
List the prime factors of 54549.
3, 11, 19, 29
What are the prime factors of 1366?
2, 683
What are the prime factors of 69152?
2, 2161
List the prime factors of 612.
2, 3, 17
What are the prime factors of 5759?
13, 443
What are the prime factors of 18260?
2, 5, 11, 83
List the prime factors of 4161.
3, 19, 73
List the prime factors of 4144.
2, 7, 37
List the prime factors of 21072.
2, 3, 439
List the prime factors of 35994.
2, 3, 7, 857
What are the prime factors of 86?
2, 43
List the prime factors of 42634.
2, 21317
List the prime factors of 65321.
83, 787
What are the prime factors of 2031?
3, 677
What are the prime factors of 3423?
3, 7, 163
List the prime factors of 10061.
10061
List the prime factors of 134059.
134059
What are the prime factors of 782?
2, 17, 23
List the prime factors of 4319.
7, 617
List the prime factors of 840.
2, 3, 5, 7
What are the prime factors of 112?
2, 7
List the prime factors of 834.
2, 3, 139
List the prime factors of 25330.
2, 5, 17, 149
List the prime factors of 28263.
3, 9421
What are the prime factors of 621?
3, 23
What are the prime factors of 24239?
24239
List the prime factors of 83245.
5, 16649
What are the prime factors of 109157?
17, 6421
What are the prime factors of 618?
2, 3, 103
List the prime factors of 17536.
2, 137
What are the prime factors of 71720?
2, 5, 11, 163
What are the prime factors of 2523?
3, 29
List the prime factors of 46960.
2, 5, 587
What are the prime factors of 6610?
2, 5, 661
List the prime factors of 96592.
2, 6037
What are the prime factors of 502?
2, 251
What are the prime factors of 234?
2, 3, 13
What are the prime factors of 1510?
2, 5, 151
What are the prime factors of 13233?
3, 11, 401
What are the prime factors of 107?
107
List the prime factors of 3673.
3673
What are the prime factors of 11247?
3, 23, 163
List the prime factors of 1514.
2, 757
List the prime factors of 1288.
2, 7, 23
List the prime factors of 3281.
17, 193
What are the prime factors of 1713?
3, 571
What are the prime factors of 4595?
5, 919
List the prime factors of 963.
3, 107
What are the prime factors of 1961?
37, 53
List the prime factors of 3167.
3167
List the prime factors of 3640.
2, 5, 7, 13
What are the prime factors of 41105?
5, 8221
What are the prime factors of 48773?
17, 19, 151
What are the prime factors of 1725?
3, 5, 23
What are the prime factors of 2626?
2, 13, 101
List the prime factors of 75947.
173, 439
List the prime factors of 50556.
2, 3, 11, 383
What are the prime factors of 4304?
2, 269
What are the prime factors of 111334?
2, 55667
List the prime factors of 3917.
3917
What are the prime factors of 48863?
131, 373
What are the prime factors of 142988?
2, 35747
List the prime factors of 14344.
2, 11, 163
What are the prime factors of 57?
3, 19
What are the prime factors of 860?
2, 5, 43
What are the prime factors of 4131?
3, 17
What are the prime factors of 56?
2, 7
List the prime factors of 98843.
97, 1019
What are the prime factors of 3129?
3, 7, 149
List the prime factors of 1370.
2, 5, 137
What are the prime factors of 2864?
2, 179
List the prime factors of 20726.
2, 43, 241
List the prime factors of 6028.
2, 11, 137
What are the prime factors of 17329?
13, 31, 43
List the prime factors of 45377.
45377
What are the prime factors of 1903?
11, 173
List the prime factors of 3045.
3, 5, 7, 29
What are the prime factors of 24923?
24923
What are the prime factors of 8579?
23, 373
List the prime factors of 17059.
7, 2437
What are the prime factors of 2780?
2, 5, 139
What are the prime factors of 5250?
2, 3, 5, 7
What are the prime factors of 3542?
2, 7, 11, 23
What are the prime factors of 9963?
3, 41
What are the prime factors of 1869?
3, 7, 89
List the prime factors of 1699.
1699
List the prime factors of 8211.
3, 7, 17, 23
List the prime factors of 2218.
2, 1109
What are the prime factors of 9516?
2, 3, 13, 61
List the prime factors of 9103.
9103
What are the prime factors of 519?
3, 173
List the prime factors of 78807.
3, 109, 241
What are the prime factors of 8927?
79, 113
What are the prime factors of 5552?
2, 347
List the prime factors of 1681.
41
List the prime factors of 1115.
5, 223
What are the prime factors of 40388?
2, 23, 439
List the prime factors of 516.
2, 3, 43
List the prime factors of 2376.
2, 3, 11
List the prime factors of 9263.
59, 157
List the prime factors of 970.
2, 5, 97
What are the prime factors of 77872?
2, 31, 157
What are the prime factors of 1265?
5, 11, 23
List the prime factors of 6472.
2, 809
List the prime factors of 18496.
2, 17
What are the prime factors of 32484?
2, 3, 2707
What are the prime factors of 5696?
2, 89
What are the prime factors of 10413?
3, 13, 89
What are the prime factors of 12576?
2, 3, 131
What are the prime factors of 19438?
2, 9719
List the prime factors of 52.
2, 13
What are the prime factors of 1436?
2, 359
What are the prime factors of 1805?
5, 19
List the prime factors of 34086.
2, 3, 13, 19, 23
What are the prime factors of 585?
3, 5, 13
What are the prime factors of 518?
2, 7, 37
List the prime factors of 1257.
3, 419
What are the prime factors of 1962?
2, 3, 109
What are the prime factors of 19533?
3, 17, 383
What are the prime factors of 109073?
109073
What are the prime factors of 16?
2
List the prime factors of 90188.
2, 7, 3221
List the prime factors of 13482.
2, 3